t is b(a)?
-13
Let q(f) = 8*f + 1. Let o(d) be the second derivative of 2*d**3/3 + 22*d. Let w(z) = 7*o(z) - 3*q(z). Suppose 4*u = 2 + 6. Calculate w(u).
5
Let a = 199 - 204. Let l(z) = -12 - z - 6 + 15. What is l(a)?
2
Suppose 17*b + 80 = -3*b. Let j(o) = 5*o - 1. What is j(b)?
-21
Let d be 0/((3 - 1) + -4 - -4). Let x(s) = -s + 38. Give x(d).
38
Suppose -17 = -5*v - 67. Let w(p) = 0 + 1805012*p - 1805011*p + 3. Calculate w(v).
-7
Let b = -903 - -900. Let t(l) = -5*l**2 - 5*l - 2. Give t(b).
-32
Let l(b) = -6*b**3 - 13*b + 5*b - 1 - 4*b**2 + 6*b + 4*b**3 + 2. Determine l(-2).
5
Let a be -2 + ((-5)/(-5) + 6 - 3). Let b(j) = 12*j**2 - 4*j + 3. Determine b(a).
43
Let p(l) = 2 + 5 + 9*l + 1 - 2 - 3. Give p(-2).
-15
Let q(t) = -3*t + 7. Let l = 8 + 8. Suppose l = 2*z + 4*y, -4*z - 2*y = -7*y - 19. Calculate q(z).
-11
Let z be ((-8)/12)/(2/(-27)). Let b(q) = q + 4*q - q**2 + 0 + 4 - z. What is b(5)?
-5
Let m(u) = -u**2 - u + 4. Suppose -5*l + 9 - 4 = 0. Suppose -5*b = z - l - 3, b + z = 4. Calculate m(b).
4
Let w(a) = -a**3 - a**2 + 4*a - 3. Suppose -11 = 2*d - f, 2*d - 2*f + 6 = -4. Let i = -4 - d. What is w(i)?
-7
Let j(c) be the second derivative of c**4/6 + 17*c**3/6 - c**2 + 13*c. Let w(n) = -3*n**2 - 25*n + 3. Let o(d) = -7*j(d) - 5*w(d). Determine o(-4).
-9
Let i(f) = -22396*f + 5 + 22397*f - 1. Calculate i(3).
7
Let x(h) = 4*h**2 + 2*h + 1. Let a(o) be the second derivative of -o**5/20 + o**4/6 - o**3/3 + 3*o**2/2 - 10*o. Let m be a(2). Give x(m).
3
Let k(b) = b**2 + 2*b + 1. Let z(r) = -2*r**2 - 7*r - 14. Let w(x) = -3*k(x) - z(x). Give w(0).
11
Let t = -77 + 85. Let y(r) = -2*r**3 + 14*r**2 + 15*r + 4. Let o be y(t). Let x(a) = 3*a - 5. What is x(o)?
-17
Let y be 1 + -4 + 3 + 17. Suppose 5*s - 2*z = y, -14 = -4*s - 0*z + 2*z. Let r(x) = 4 + x**3 + x**2 + 0 - 2*x**s. Calculate r(0).
4
Let k(o) = -o - 1. Let v(x) = 3*x - 13. Let z(s) = -s + 6. Let b(r) = -2*v(r) - 5*z(r). Let g be b(-6). Calculate k(g).
-3
Let l(r) = r - 203*r**2 + 210*r**2 + 3 + 0*r + 0. What is l(3)?
69
Let d(n) = 5*n**3 - 4*n**2 + 5*n - 2. Let r(g) = g**3 - g**2. Let t(j) = -d(j) + 6*r(j). Calculate t(3).
-4
Let q be 41/7 + -3 - 7/(-49). Suppose 0 + 4 = f, -q*f + 18 = y. Let j(p) = p - 1. Determine j(y).
5
Suppose 0 = r - 0*r - 2*d, -3*d = 4*r - 33. Let u(n) = 2*n + 2. Give u(r).
14
Let q(v) = v - 9. Let a(l) = 2*l - 10. Let b(o) = -2*a(o) + 3*q(o). Calculate b(-10).
3
Suppose 0 = -z - 4 + 2. Let u(s) be the second derivative of -s**4/12 - s**3/3 - s**2/2 - 278*s. Let n be u(z). Let d(t) = 6*t. Determine d(n).
-6
Let a(f) be the first derivative of -5*f**3/3 - 2*f**2 - 2*f - 8. Let r(u) = 11*u**2 + 9*u + 5. Let h(z) = 9*a(z) + 4*r(z). Calculate h(0).
2
Let q(o) be the second derivative of 0 + 1/12*o**4 + 0*o**3 + 1/20*o**5 - 11*o + 7/2*o**2. Determine q(0).
7
Let s(t) = 3*t + 34. Let h(r) = 0*r + 3*r + 61 + r - 10. Let f(l) = -5*h(l) + 7*s(l). Calculate f(0).
-17
Let a(d) be the second derivative of -d**5/20 + 5*d**4/12 - d**3 + 3*d**2/2 + 2*d. Let n = 367 + -363. Give a(n).
-5
Let n(z) = -z**2 - 2*z + 3. Let q be n(2). Let i(m) = -m - 12. Let b(s) = -2*s - 25. Let t(g) = q*i(g) + 2*b(g). Let a be (-3)/(-2) - (-15)/(-10). What is t(a)?
10
Let p(s) be the third derivative of -s**5/60 + 13*s**4/24 + s**3/3 - s**2 - s. Let b be p(13). Let w(l) = 0 + 0*l**2 - l**3 + 1 + 3*l**2. Give w(b).
5
Suppose -6*m + 76 = 70. Let o(u) = 17*u - 1. Determine o(m).
16
Let v(d) = -d**2 + 6*d + 6. Suppose -16*r + 14*r + 24 = 3*l, -l = 4*r - 28. What is v(r)?
6
Let q(x) be the second derivative of -x**7/840 - x**6/720 - x**5/120 + 29*x**4/6 + 17*x. Let z(h) be the third derivative of q(h). What is z(-2)?
-11
Let n(x) be the second derivative of -x**3/2 - 5*x**2 + 382*x. Calculate n(-4).
2
Let r(w) = 42*w - 17. Let u(f) = -22*f + 7. Let p(t) = -2*r(t) - 5*u(t). Let g be (-2)/6 - (-2)/(-3). What is p(g)?
-27
Let c(a) = 15*a + 6. Let w be c(0). Let f(h) = -h - 6. Let l be f(-5). Let t(i) = i. Let k(y) = -2. Let v(d) = l*k(d) + t(d). What is v(w)?
8
Let m = -254 + 248. Let y(b) = b**2 + 4*b + 8. What is y(m)?
20
Let q(d) = 3*d**2 - 2. Suppose -2*z + 3 = -13. Suppose 5*l + z = 9*l. Give q(l).
10
Let c(y) = -8*y + 8. Suppose f - 3 - 7 = 0. Let j(u) = -2*u + f*u + 7 - 3*u - 12*u. Let s(x) = 6*c(x) - 7*j(x). What is s(0)?
-1
Suppose 7*a = -562 + 597. Let g(p) = -p**3. Let r(w) = -4*w**3 - 4*w**2 - 5*w - 1. Let h(i) = -5*g(i) + r(i). Determine h(a).
-1
Let u(h) = h**2 + 0*h**2 - 3435*h + 8 - 1 + 3444*h. Calculate u(-7).
-7
Let j(m) = m**2 + 6*m - 9. Let l be j(-7). Let r be (1*8)/(l/3). Let u = -7 - r. Let z(k) = k**3 - 6*k**2 + 4*k + 6. Give z(u).
1
Let s(h) = 57*h**2 + 0*h + 3 + 3 - 58*h**2 - 2*h. Give s(3).
-9
Let y(s) be the first derivative of -1 + 1/6*s**3 - 3/2*s**2 + 0*s - 1/24*s**4. Let t(r) be the second derivative of y(r). Determine t(3).
-2
Let p(y) = 25*y**3 + 7*y**2 - 6*y. Let k be p(1). Let r(l) = -l**2 + 25*l + 31. Determine r(k).
5
Suppose 0 = -41*t + 35*t + 18. Let u(c) be the second derivative of 1/6*c**t + 7/2*c**2 + 6*c + 0 - 1/12*c**4. Calculate u(5).
-13
Suppose 4*h = 8, -7*x + 28 = -3*x - 4*h. Suppose -18 = -x*v - 63. Let u(r) be the first derivative of 3*r**2/2 - 3*r - 1. Calculate u(v).
-18
Suppose w + w = -2*m - 8, w = 4*m + 16. Suppose w = 4*h - 2*h + 12. Let b(r) = 2 - 13*r**2 + 8*r**2 + 7 + 0*r**3 + 9*r - r**3. What is b(h)?
-9
Let r(o) = o**2 + o + 1. Suppose -6 + 10 = 2*i. Let m(u) = -2 - 10*u**2 + 1 - i - 3*u. Let t(h) = -m(h) - 4*r(h). Give t(-1).
6
Let s(t) = -t**3 + 3*t**2 - t + 2. Let f be s(2). Suppose -5 = f*c - 17. Let q(w) be the second derivative of w**4/12 + w**3/3 + w**2/2 + 10*w. Calculate q(c).
16
Let x(a) = a + 8. Let n(v) = 3*v + 34. Let r(h) = -n(h) + 4*x(h). What is r(6)?
4
Let n(c) = c - 4. Let m be n(4). Let i(a) be the third derivative of a**4/24 + 7*a**3/6 - 68*a**2. Give i(m).
7
Suppose -7*v - 139 + 34 = 0. Let j be 36/(-15) + v/25. Let r(b) = b**3 + 2*b**2 - 4*b + 1. Give r(j).
4
Let r(w) be the first derivative of -5*w**2/2 - 19*w - 358. Give r(-8).
21
Let d(y) be the second derivative of 3/2*y**3 - 1/2*y**4 + 0 - 15*y + 9/2*y**2 - 1/20*y**5. Let s be (-4)/((-8)/14)*-1. What is d(s)?
-5
Let w be -3*(1 + -2)/((-4)/4). Let i(b) = -b**3 - 3*b**2 - 2*b. What is i(w)?
6
Let w(g) be the second derivative of g**3/3 + 5*g**2 + 1682*g. Suppose -6*y + 5*y - 4*u - 16 = 0, 2*u = -4*y - 36. Calculate w(y).
-6
Let x(z) = 0*z - 8*z + 10*z + 0 + 2. Let j be x(-3). Let b = 0 - j. Let q(c) = -c**3 + 5*c**2 - 4*c + 6. Give q(b).
6
Let x(q) = 4*q - 11. Let p = 513 - 508. Determine x(p).
9
Let n(i) be the second derivative of -i**3/3 + 4*i**2 + 40*i. Give n(5).
-2
Let f(k) = 27*k + 1. Suppose 0 = c + 8*c - 18. Suppose 5*g = -c*t - 1, -4*g + t - 4*t = -2. Determine f(g).
-26
Let l(q) = q**3 - 12*q**2 - 14*q + 19. Let w be l(13). Let n(d) = 1. Let u(x) = -x**2 + 6*x + 6. Let v be 25/4 + (-1)/4. Let t(r) = v*n(r) - u(r). What is t(w)?
0
Let v be (-8)/(-2 + (-10)/(-4)). Let i = 10 + v. Let t(n) be the first derivative of n**2/2 + 10*n - 2. Calculate t(i).
4
Let p(b) = -13*b - 4. Suppose -76*q + 7 = -78*q + 5*l, -5*q + 26 = 2*l. Calculate p(q).
-56
Let t = 2 - 2. Let r(v) = -4*v**2 + 2515 - 3*v + 2*v + 2524 + 5*v**2 - 5031. Give r(t).
8
Let t(g) = g + 15. Suppose 0*o + u = -2*o + 16, 2*o - 16 = 2*u. Let i(p) = -p**2 + 7*p + 1. Let h be i(o). What is t(h)?
8
Suppose -3*k = 5 + 1, 0 = 5*g + k - 8. Let p(n) = 1161*n - 3 + 7 - 1162*n - 5. What is p(g)?
-3
Let y(j) = -10*j**2 - j. Let x be 3 + (0/3)/2. Suppose x*w - 4*q - 2 = -5, 3*w + 3 = q. Determine y(w).
-9
Let j(l) = l**3 - 5*l**2 + l + 5. Let t = 88 + -27. Let u = t - 57. Determine j(u).
-7
Let h(b) = -b - b**2 + 3 + 5 - 30. Calculate h(0).
-22
Let y(c) = -c**3 + 11*c**2 - 6*c + 4. Let q(m) = 5*m**3 - 56*m**2 + 29*m - 21. Let h(r) = 2*q(r) + 11*y(r). What is h(8)?
2
Let w(b) be the second derivative of b**3/6 - 17*b**2/2 + 26*b. Calculate w(7).
-10
Let z be (-405)/(-21) - 4/14. Let m(q) = 2 + 9 - z - 2*q. Give m(-6).
4
Suppose -2*u + 6 = -0, p - 4 = -2*u. Let f be (p/(-3))/(2/3). Let m(o) be the first derivative of -o**2 + o + 5. Give m(f).
-1
Let a(o) be the third derivative of -13*o**8/20160 + o**7/2520 - o**6/720 - 4*o**5/15 - 13*o**2. Let t(r) be the third derivative of a(r). Determine t(1).
-12
Let b(c) be the